4 + 3*m - 4*m. What is j(1)?
-3
Suppose -44 = -6*o + o - x, -4*o + x = -37. Suppose 11*j - o*j = 4. Let f(c) = 5*c + c**2 - 5*c - j*c + 3 + 8*c. What is f(-5)?
-2
Suppose 0*j - 5*a = 2*j - 44, -66 = -3*j + 2*a. Let b = -18 + j. Suppose -b*u = -3*u. Let l(x) = x - 9. Determine l(u).
-9
Let d(s) = -7 + s**3 + 4 + 2 - s + s**2. Let q(g) = -17*g + 408. Let w be q(24). Calculate d(w).
-1
Let h(r) = 6*r. Suppose 90 = -19*p + p. What is h(p)?
-30
Let j(v) be the first derivative of -v**2/2 - 27*v - 61. What is j(0)?
-27
Let m = -182 + 188. Let x(s) = -s**2 + 5*s + 8. Determine x(m).
2
Let z(m) = 2*m + 9. Let y be 96/(-6)*((-5)/(-2) - 2). Determine z(y).
-7
Let h(m) = -m - 5. Let q(c) = 20*c - 11. Let y(g) = 2*h(g) - q(g). Determine y(1).
-21
Let d(y) = y**2 + 2*y - 42. Let h be d(-7). Let x(q) = q**2 + 4*q - 4. Give x(h).
17
Let p be (2 + 11)/((-4)/(-8)). Let k = p - 25. Let q(w) be the third derivative of -7*w**6/120 + w**4/24 - w**3/6 - w**2. What is q(k)?
-7
Let k(d) be the first derivative of -d**4/4 - 8*d**3/3 - 15*d**2/2 - 5*d - 134. Give k(-6).
13
Suppose -17*g + 39 = 107. Let f(d) = d**3 + 4*d**2 + d - 2. What is f(g)?
-6
Let i(f) be the third derivative of -f**4/12 - 7*f**3/6 - f**2. Let z be (-12)/(-28) + (-9)/21. Let a be -4 + (8 + -7)/(z - 1). What is i(a)?
3
Let a be 56/84 - 158/(-6). Let z be (-3)/(-5) - a/45. Let l(y) be the first derivative of y**2/2 + 5*y - 1. Determine l(z).
5
Let p(i) = -i**3 + 5*i**2 + 6*i - 2. Let q be p(6). Let o be (2 - q/(-2))*0. Let f(y) = -y + 5. Determine f(o).
5
Let l(h) = 2*h**2 - 42*h + 14. Let a be l(21). Let k(j) = -3 + j + a - 8. Give k(-6).
-3
Let w be (39 - 49)*2/(-10). Let x(b) = b**3 - 3*b**2 + 3. Determine x(w).
-1
Let x(d) = -3*d**3 + 5*d**2 + 8*d - 1. Let n(o) = 3*o**3 - 4*o**2 - 7*o. Let l(u) = -4*n(u) - 3*x(u). Determine l(-1).
3
Let t(r) be the second derivative of -r**4/12 + r**3/3 + 9*r**2/2 + 250*r - 1. Calculate t(-5).
-26
Let w(j) = 3*j**2 - 12*j + 11. Let o = 824 + -820. Determine w(o).
11
Let k(g) = 12*g + 17*g - g**3 - 30*g - g**2 - 5. Let w be k(0). Let p(y) = -6 + 3*y**2 - 4*y**2 - 2*y - 3*y + 3. Give p(w).
-3
Let i(p) = -p**2 - 9*p + 1. Let k be i(-10). Let j = k + 11. Let v(b) be the third derivative of b**4/24 + 8*b**2. What is v(j)?
2
Let k = -21 + 36. Let f be (8/(-6))/(2/(-3)). Suppose -w - f*w = -k. Let r(d) = d - 5. What is r(w)?
0
Let s(q) be the third derivative of -5*q**4/12 + q**2. Let v(j) = -2*j**2 + 14*j**2 + 9*j + 2*j**3 + 3*j - j**3 + 10. Let y be v(-11). Give s(y).
10
Suppose g = -5*o + 23, 4*o - 6*o + 8 = 0. Suppose 2*k = -0*k + 8, 2*j - k = 0. Let q(w) = 2 - w + g - j - 5. Determine q(-5).
3
Let t(n) = 3*n**3 - 3*n**2 - 7*n + 3. Let o(y) = -2*y**3 + 4*y**2 + 5*y - 3. Let r(q) = 4*o(q) + 3*t(q). What is r(-7)?
4
Suppose 0 = -4*z - 2*s + 20, -3*s = -s + 8. Let y(c) = -2 - z*c + 2 - 3 + c**2 + 0*c**2. Let j(p) = -p + 3. Let v be j(-3). Determine y(v).
-9
Let o(a) = -4*a + 7. Let r be ((-20)/(-8))/((-4)/(-8)). Give o(r).
-13
Let y(w) = -w**3 + 4*w**2 - 2*w + 2. Let p be y(2). Let q(s) = 5 - 3*s**2 + s**2 - s**3 + s + p*s**2. Determine q(5).
-15
Let n(i) = -13*i**2 + 17*i - 10. Let v(h) = -4*h**2 + 5*h - 3. Let u(r) = -2*n(r) + 7*v(r). Give u(2).
-7
Let q(a) = -a**3 + 10*a**2 - 10*a + 13. Let d = -93 - -102. Determine q(d).
4
Let o(m) = -15*m - 10. Let w(u) = -52*u - 29. Let d(a) = -7*o(a) + 2*w(a). Let g be ((-5)/(-2))/(1/(-2)). Determine d(g).
7
Let v(l) = -l. Suppose -2*s = 3*y + 5, 6*y + 4*s = y - 11. Let t = y - 3. Let r be (4/(-5))/(t/10). Calculate v(r).
-4
Let a(r) be the third derivative of -1/24*r**4 - 12 + 0*r + 1/6*r**3 - r**2. What is a(-3)?
4
Let u(p) = -p**3 + 7*p**2 - 32*p + 223. Let x be u(7). Let y(r) = -9*r - 6. Calculate y(x).
3
Let o(u) = -u**2 - 4*u + 2. Let n(a) = -3*a**2 - 17*a + 7. Let l(z) = n(z) - 4*o(z). Let j = 5 + -7. Give l(j).
5
Let j(z) = 30*z**2 - 9*z - 59*z**2 + 7 + 28*z**2. What is j(-11)?
-15
Suppose 4*d - 786 = 94. Let v = -148 + d. Let n(c) = -7*c**3 + 1 + 72*c**2 - v*c**2. What is n(1)?
-6
Let s(m) = m**3 + 8*m**2 + 2*m - 9. Let l = -353 - -346. What is s(l)?
26
Let s(y) = 3*y**3 - 12*y**2 - 9*y - 2. Let r(p) = -5*p**3 + 23*p**2 + 17*p + 4. Let d(b) = -4*r(b) - 7*s(b). Let l = -3789 - -3782. Give d(l).
-16
Let a(v) = v + 3. Let p(o) = -o**2 + 20*o - 6. Let s(d) = -2*a(d) + p(d). Determine s(18).
-12
Suppose 6*g - 35 = g. Let y(k) = 3*k - 9. Calculate y(g).
12
Let p(u) = 2*u - 3*u - 964129 + 964134. Give p(5).
0
Let i(x) = x**3 - 7*x**2 + 7*x + 4. Let a(r) = 11*r + 5 + 6*r**2 - 13*r**3 - 27 - 10*r**3 + 22*r**3. Let t be a(7). What is i(t)?
10
Let p be 15 + -20 - 968/(-192). Let b(u) be the third derivative of -2*u**2 + 0 + 0*u - p*u**4 + 1/2*u**3. Give b(4).
-1
Let n(t) = t**3 + 7*t**2 - 7*t - 11. Suppose -5*l - 3*v = -6*v + 31, 5*l = 2*v - 34. Give n(l).
-19
Let u(r) = -r - 6*r + 14*r + 12 - 4*r - 2*r. Give u(-5).
7
Let y(m) = m + 31*m**3 - 13*m**2 + 14*m**2 - m. Determine y(-1).
-30
Let x(j) = -j**3 + 5*j**2 + j - 1. Suppose 2*d - 37 = -b, -5*d - 200 = -3*b - b. Let v = -40 + b. Give x(v).
4
Let k(m) be the second derivative of m**5/20 + 2*m**4/3 + 5*m**3/3 + 4*m**2 - 107*m. Calculate k(-7).
-13
Let l(d) = 875 - 5*d + 2*d**2 - 4*d**2 - 867. Determine l(-4).
-4
Let t(d) = 9 + 5 + 6 - d - 9. Calculate t(7).
4
Let l(v) = -v**3 - 4*v**2 + v. Suppose 0 = h + 3*i - 4*i - 22, -2*h - 3*i = -19. Suppose -h*r = -14*r + 9. Calculate l(r).
-12
Let f be 3/(-3)*-2*1. Let h(p) be the first derivative of 5/2*p**f - p + 4. What is h(2)?
9
Let r be (-81)/63 - 10/(-35). Suppose -s - 4*s + 15 = 0. Let j(a) = 2*a**s - 4*a**3 - 1 - a**2 + 3*a**2. Give j(r).
3
Let r be 6/(-4)*(-64)/(-12). Let l(a) = 3*a + 6. Give l(r).
-18
Let k(c) = 2692*c - 899*c - 897*c - 894*c. Let q be (2/5)/((-3)/15). Determine k(q).
-4
Let f(n) = n**2 + 7*n - 3. Suppose -b + 210 = 6*b. Suppose 3*y + 23 = -0*y + w, 4*y + b = 2*w. What is f(y)?
5
Let d(r) be the third derivative of -r**4/24 - 2*r**3/3 - r**2. Let l = 23 + -31. Let u be d(l). Let f(q) = -q**2 + 4*q - 4. Determine f(u).
-4
Let t(v) be the third derivative of -v**4/12 - 4*v**3/3 + v**2. Suppose 61*y - 89*y = 168. Determine t(y).
4
Let t(r) be the second derivative of 3/2*r**2 - 1/20*r**5 + 0 + 6*r + 1/8*r**4 + 1/120*r**6 + 1/3*r**3. Let o(c) be the first derivative of t(c). Give o(3).
11
Let b = -566 - -566. Let z(d) = d + 29. What is z(b)?
29
Let r(y) = 7*y - 23*y + 14*y. Let j(d) = 10*d + 1. Let o = 8 - -3. Let v(f) = o*r(f) + 2*j(f). What is v(-2)?
6
Let j(a) = -97 - 5*a + 46 + 36. What is j(-4)?
5
Let p(x) be the third derivative of -7/6*x**3 - 4*x**2 + 0*x + 0 + 1/24*x**4. Let v = -126 + 131. Determine p(v).
-2
Let v(j) be the second derivative of -j**4/12 + 4*j**3/3 - 13*j**2/2 + 120*j. Calculate v(9).
-22
Suppose -4*p + 2*z = -0*z + 26, -4*p - 32 = -4*z. Let k(o) = -o**2 - 2*o + 7. Determine k(p).
-8
Let n = -37 - -34. Let m = -6 + 8. Let y(t) = 3*t**m - 6*t**2 + 2*t**2 + 0*t**2 + t. What is y(n)?
-12
Let p(m) = 5*m**2 + 1. Let y(c) = c**3 + c**2 - c. Let t be y(1). Suppose 2*k = -3*k - 5*k. Let z = k - t. Give p(z).
6
Let j(x) be the second derivative of -1/20*x**5 + 0 + 1/3*x**4 + 4*x**2 + 1/2*x**3 - 7*x. Let o be j(5). Let b(m) = -2*m**2 + 2. Calculate b(o).
-6
Let u(t) = -t + 2 + 2 + 6. Let x be u(8). Let h(f) = -4*f - 1 + f + 0 - f**x. Calculate h(-4).
-5
Suppose -g - 5*p = 0, -2*g + 3 = -3*g - 4*p. Let y = -13 - g. Let w(q) = -q**3 - q**3 + 3*q**3 + 3*q - 3 + 6*q**y. Give w(-5).
7
Let a(y) = 2*y**2 - 5*y - 4. Let h(b) = -b**3 + 3*b**2 - 10. Let t(d) = -d**3 + 2*d**2 + d - 10. Let g(u) = 6*h(u) - 5*t(u). Let n be g(7). Give a(n).
8
Let u = 0 + 1. Let y(d) be the third derivative of -d**8/2880 + d**6/720 + 13*d**5/60 + d**2. Let j(p) be the third derivative of y(p). Give j(u).
-6
Let v(s) = 7*s**2 - s. Let k = -18 + 20. Suppose 3*w + 17 = 5*j, -4*j + 2*w = -k*w - 20. Determine v(j).
6
Let u be (-6 - -3)/((-6)/(-8)). Let i = u + 7. Suppose -b - v + 9 = -2*b, 21 = -i*b + v. Let f(k) = k**2 + 6*k - 1. Determine f(b).
-1
Let u(w) be the first derivative of 5*w**2/2 + 5*w - 119. Give u(3).
20
Let l(m) = -3 + 2*m**2 + 0 - 5*m**2 + m**2. Give l(-3).
-21
Let i(s) be the first derivative of -s**6/120 + s**5/15 + s**4/3 - 5*s**3/6 - 8*s**2 + 18. Let p(r) be the second derivative of i(r). Give p(5).
10
Let i(